{"id":3258,"date":"2022-01-27T14:15:07","date_gmt":"2022-01-27T13:15:07","guid":{"rendered":"https:\/\/pscherer-online.de\/wp\/?page_id=3258"},"modified":"2025-04-03T15:35:52","modified_gmt":"2025-04-03T13:35:52","slug":"angebote-fuer-arbeitsuchende-dia-am-und-ub","status":"publish","type":"page","link":"https:\/\/pscherer-online.de\/wp\/?page_id=3258","title":{"rendered":"Angebote f\u00fcr Arbeitsuchende &#8211; UB"},"content":{"rendered":"\n<div class=\"wp-block-columns is-layout-flex wp-container-core-columns-is-layout-9d6595d7 wp-block-columns-is-layout-flex\">\n<div class=\"wp-block-column is-layout-flow wp-block-column-is-layout-flow\">\n<h2 class=\"wp-block-heading\"><strong>UB \u2013 Unterst\u00fctze Besch\u00e4ftigung<\/strong><\/h2>\n\n\n\n<h4 class=\"wp-block-heading\">Ma\u00dfnahme zur individuellen betrieblichen Qualifizierung nach \u00a7 55 SGB IX<\/h4>\n\n\n\n<p class=\"has-medium-font-size\"><strong>Zielgruppe<\/strong><\/p>\n\n\n\n<p>In die UB \u2013 Unterst\u00fctzte Besch\u00e4ftigung werden Kundinnen und Kunden der Agentur f\u00fcr Arbeit Plauen individuell durch die Reha-Beraterinnen und Reha-Berater der Ma\u00dfnahme zugewiesen.<\/p>\n\n\n\n<p class=\"has-medium-font-size\"><strong>Ziele<\/strong><\/p>\n\n\n\n<p>Ziel der Ma\u00dfnahme ist es, in einer ersten Phase durch eine Eignungsanalyse unter anderem Mobilit\u00e4t, Motorik, Belastbarkeit, selbst\u00e4ndiges Arbeiten, Konzentrationsf\u00e4higkeit oder Arbeitsgeschwindigkeit zu untersuchen. Die zweite Phase, betriebliche Erprobung, findet in Unternehmen des allgemeinen Arbeitsmarktes statt. Hier wird durch gezielte Steigerung der Anforderungen und Belastung getestet, ob berufliches Potenzial f\u00fcr eine Besch\u00e4ftigung auf <\/p>\n\n\n\n<p>Ziel ist der Abschluss eines Arbeitsvertrages und damit eine sozialversicherungspflichtige Besch\u00e4ftigung auf dem allgemeinen Arbeitsmarkt. Die Ma\u00dfnahme gliedert sich in drei Phasen. Die Einstiegsphase dient der Suche nach geeigneten T\u00e4tigkeitsbereichen und betrieblichen Erprobungen.<\/p>\n\n\n\n<p>Die zweite Phase \u2013 Qualifizierungsphase &#8211; ist gepr\u00e4gt von der Unterst\u00fctzten Einarbeitung im geeigneten T\u00e4tigkeitsbereich im Unternehmen und der betrieblichen Qualifizierung. Diese kann berufliche T\u00e4tigkeit sowie soziale F\u00e4higkeiten und die Weiterentwicklung der Pers\u00f6nlichkeit enthalten. Ein betrieblicher Pate f\u00fcr die Teilnehmenden wird festgelegt. Gleichzeitig pr\u00fcft das Bildungsinstitut PSCHERER (BIP), welche weiteren F\u00f6rderma\u00dfnahmen (z. B. Lohnkostenzuschuss, technische Arbeitshilfen, berufsbegleitende Weiterbildungen) zu Verf\u00fcgung stehen.<\/p>\n\n\n\n<p>In der Stabilisierungsphase erfolgt die vertiefte Einarbeitung in den betrieblichen Alltag mit dem Ziel der Aufnahme eines Arbeitsvertrags. Hierbei unterst\u00fctzt das BIP die Teilnehmenden bei Bedarf auch direkt am Arbeitsplatz, auch zur Arbeitsplatzsicherung und ggf. um Probleme zu l\u00f6sen und das anstehende Besch\u00e4ftigungsverh\u00e4ltnis zu stabilisieren.<\/p>\n\n\n\n<p class=\"has-medium-font-size\"><strong>Laufzeit<\/strong><\/p>\n\n\n\n<p>01.09.2021 \u2013 31.08.2025<br>keine Eintritte mehr m\u00f6glich<\/p>\n\n\n\n<p class=\"has-medium-font-size\"><strong>Partner<\/strong><\/p>\n\n\n\n<p>In Kooperation mit der Bundesagentur f\u00fcr Arbeit Plauen<\/p>\n\n\n\n<figure class=\"wp-block-image size-full is-resized\"><img loading=\"lazy\" decoding=\"async\" width=\"664\" height=\"87\" src=\"https:\/\/pscherer-online.de\/wp\/wp-content\/uploads\/2022\/01\/BA.png\" alt=\"\" class=\"wp-image-3264\" style=\"width:395px;height:50px\" srcset=\"https:\/\/pscherer-online.de\/wp\/wp-content\/uploads\/2022\/01\/BA.png 664w, https:\/\/pscherer-online.de\/wp\/wp-content\/uploads\/2022\/01\/BA-300x39.png 300w\" sizes=\"auto, (max-width: 664px) 100vw, 664px\" \/><\/figure>\n<\/div>\n\n\n\n<div class=\"wp-block-column is-layout-flow wp-block-column-is-layout-flow\" style=\"flex-basis:5%\"><\/div>\n\n\n\n<div class=\"wp-block-column is-layout-flow wp-block-column-is-layout-flow\" style=\"flex-basis:30%\">\n<figure class=\"wp-block-image size-full is-style-rounded\"><img loading=\"lazy\" decoding=\"async\" width=\"3300\" height=\"2200\" src=\"https:\/\/pscherer-online.de\/wp\/wp-content\/uploads\/2022\/01\/DIAAMUB.jpg\" alt=\"\" class=\"wp-image-3261\"\/><\/figure>\n\n\n\n<p class=\"has-medium-font-size\"><strong>Downloads<\/strong><\/p>\n\n\n\n<i class=\"wp-svg-file-pdf file-pdf\"><\/i> <a href=\"https:\/\/pscherer-online.de\/wp\/wp-content\/uploads\/2022\/01\/Flyer_UB_Plauen.pdf\" target=\"_blank\" rel=\"noreferrer noopener\">Flyer UB<\/a><\/p>\n\n\n\n<p class=\"has-medium-font-size\"><strong>Kontakt<\/strong><\/p>\n\n\n\n<p><b>Bildungsinstitut PSCHERER gGmbH<\/b><br>Morgenbergstr. 19 (Aufgang D)<br>08525 Plauen<br><i class=\"wp-svg-phone phone\"><\/i> 03741 5980561<br><i class=\"wp-svg-envelop envelop\"><\/i> <a href=\"mailto:diaamub@pscherer-online.de\">diaamub@pscherer-online.de<\/a><\/p>\n\n\n\n<p><b>Ansprechspartner UB<\/b><br>Damaris Plietzsch<br><i class=\"wp-svg-phone phone\"><\/i> 037606 39340<br><i class=\"wp-svg-envelop envelop\"><\/i> <a href=\"mailto:dp@pscherer-online.de\">dp@pscherer-online.de<\/a><\/p>\n\n\n\n<p><b>Agentur f\u00fcr Arbeit Plauen<\/b><br>Ihr Reha-Team<br>Engelstra\u00dfe 8<br>08523 Plauen<br><i class=\"wp-svg-phone phone\"><\/i> 0800 4 5555 00 (Servicetelefon)<br><i class=\"wp-svg-envelop envelop\"><\/i> <a href=\"mailto:Plauen.Ansprechstelle-Rehabilitation@pscherer-online.de\">Plauen.Ansprechstelle-Rehabilitation@pscherer-online.de<\/a><\/p>\n<\/div>\n<\/div>\n\n\n\n<a href=\"javascript:history.back();\"><i class=\"wp-svg-backward-2 backward-2\"><\/i> zur\u00fcck zu den Angeboten<\/a>\n\n\n\n<div style=\"font-size:12px\" align=\"right\">Bildrechte:<br>\nProjektfoto: <a href=\"http:\/\/www.freepik.com\">Foto erstellt von senivpetro &#8211; de.freepik.com<\/a>\n<\/div>\n","protected":false},"excerpt":{"rendered":"<p>UB \u2013 Unterst\u00fctze Besch\u00e4ftigung Ma\u00dfnahme zur individuellen betrieblichen Qualifizierung nach \u00a7 55 SGB IX Zielgruppe In die UB \u2013 Unterst\u00fctzte Besch\u00e4ftigung werden Kundinnen und Kunden der Agentur f\u00fcr Arbeit Plauen individuell durch<a class=\"moretag\" href=\"https:\/\/pscherer-online.de\/wp\/?page_id=3258\">mehr anzeigen&#8230;<\/a><\/p>\n","protected":false},"author":1,"featured_media":0,"parent":141,"menu_order":0,"comment_status":"closed","ping_status":"closed","template":"page-sidebar.php","meta":{"footnotes":""},"class_list":["post-3258","page","type-page","status-publish","hentry"],"_links":{"self":[{"href":"https:\/\/pscherer-online.de\/wp\/index.php?rest_route=\/wp\/v2\/pages\/3258","targetHints":{"allow":["GET"]}}],"collection":[{"href":"https:\/\/pscherer-online.de\/wp\/index.php?rest_route=\/wp\/v2\/pages"}],"about":[{"href":"https:\/\/pscherer-online.de\/wp\/index.php?rest_route=\/wp\/v2\/types\/page"}],"author":[{"embeddable":true,"href":"https:\/\/pscherer-online.de\/wp\/index.php?rest_route=\/wp\/v2\/users\/1"}],"replies":[{"embeddable":true,"href":"https:\/\/pscherer-online.de\/wp\/index.php?rest_route=%2Fwp%2Fv2%2Fcomments&post=3258"}],"version-history":[{"count":11,"href":"https:\/\/pscherer-online.de\/wp\/index.php?rest_route=\/wp\/v2\/pages\/3258\/revisions"}],"predecessor-version":[{"id":5152,"href":"https:\/\/pscherer-online.de\/wp\/index.php?rest_route=\/wp\/v2\/pages\/3258\/revisions\/5152"}],"up":[{"embeddable":true,"href":"https:\/\/pscherer-online.de\/wp\/index.php?rest_route=\/wp\/v2\/pages\/141"}],"wp:attachment":[{"href":"https:\/\/pscherer-online.de\/wp\/index.php?rest_route=%2Fwp%2Fv2%2Fmedia&parent=3258"}],"curies":[{"name":"wp","href":"https:\/\/api.w.org\/{rel}","templated":true}]}}

Angebote für Arbeitsuchende &#8211; UB

<div class="wp-block-columns is-layout-flex wp-container-core-columns-is-layout-9d6595d7 wp-block-columns-is-layout-flex">
<div class="wp-block-column is-layout-flow wp-block-column-is-layout-flow">
<h2 class="wp-block-heading"><strong>UB – Unterstütze Beschäftigung</strong></h2>



<h4 class="wp-block-heading">Maßnahme zur individuellen betrieblichen Qualifizierung nach § 55 SGB IX</h4>



<p class="has-medium-font-size"><strong>Zielgruppe</strong></p>



<p>In die UB – Unterstützte Beschäftigung werden Kundinnen und Kunden der Agentur für Arbeit Plauen individuell durch die Reha-Beraterinnen und Reha-Berater der Maßnahme zugewiesen.</p>



<p class="has-medium-font-size"><strong>Ziele</strong></p>



<p>Ziel der Maßnahme ist es, in einer ersten Phase durch eine Eignungsanalyse unter anderem Mobilität, Motorik, Belastbarkeit, selbständiges Arbeiten, Konzentrationsfähigkeit oder Arbeitsgeschwindigkeit zu untersuchen. Die zweite Phase, betriebliche Erprobung, findet in Unternehmen des allgemeinen Arbeitsmarktes statt. Hier wird durch gezielte Steigerung der Anforderungen und Belastung getestet, ob berufliches Potenzial für eine Beschäftigung auf </p>



<p>Ziel ist der Abschluss eines Arbeitsvertrages und damit eine sozialversicherungspflichtige Beschäftigung auf dem allgemeinen Arbeitsmarkt. Die Maßnahme gliedert sich in drei Phasen. Die Einstiegsphase dient der Suche nach geeigneten Tätigkeitsbereichen und betrieblichen Erprobungen.</p>



<p>Die zweite Phase – Qualifizierungsphase &#8211; ist geprägt von der Unterstützten Einarbeitung im geeigneten Tätigkeitsbereich im Unternehmen und der betrieblichen Qualifizierung. Diese kann berufliche Tätigkeit sowie soziale Fähigkeiten und die Weiterentwicklung der Persönlichkeit enthalten. Ein betrieblicher Pate für die Teilnehmenden wird festgelegt. Gleichzeitig prüft das Bildungsinstitut PSCHERER (BIP), welche weiteren Fördermaßnahmen (z. B. Lohnkostenzuschuss, technische Arbeitshilfen, berufsbegleitende Weiterbildungen) zu Verfügung stehen.</p>



<p>In der Stabilisierungsphase erfolgt die vertiefte Einarbeitung in den betrieblichen Alltag mit dem Ziel der Aufnahme eines Arbeitsvertrags. Hierbei unterstützt das BIP die Teilnehmenden bei Bedarf auch direkt am Arbeitsplatz, auch zur Arbeitsplatzsicherung und ggf. um Probleme zu lösen und das anstehende Beschäftigungsverhältnis zu stabilisieren.</p>



<p class="has-medium-font-size"><strong>Laufzeit</strong></p>



<p>01.09.2021 – 31.08.2025<br>keine Eintritte mehr möglich</p>



<p class="has-medium-font-size"><strong>Partner</strong></p>



<p>In Kooperation mit der Bundesagentur für Arbeit Plauen</p>



<figure class="wp-block-image size-full is-resized"><img loading="lazy" decoding="async" width="664" height="87" src="https://pscherer-online.de/wp/wp-content/uploads/2022/01/BA.png" alt="" class="wp-image-3264" style="width:395px;height:50px" srcset="https://pscherer-online.de/wp/wp-content/uploads/2022/01/BA.png 664w, https://pscherer-online.de/wp/wp-content/uploads/2022/01/BA-300x39.png 300w" sizes="auto, (max-width: 664px) 100vw, 664px" /></figure>
</div>



<div class="wp-block-column is-layout-flow wp-block-column-is-layout-flow" style="flex-basis:5%"></div>



<div class="wp-block-column is-layout-flow wp-block-column-is-layout-flow" style="flex-basis:30%">
<figure class="wp-block-image size-full is-style-rounded"><img loading="lazy" decoding="async" width="3300" height="2200" src="https://pscherer-online.de/wp/wp-content/uploads/2022/01/DIAAMUB.jpg" alt="" class="wp-image-3261"/></figure>



<p class="has-medium-font-size"><strong>Downloads</strong></p>



<i class="wp-svg-file-pdf file-pdf"></i> <a href="https://pscherer-online.de/wp/wp-content/uploads/2022/01/Flyer_UB_Plauen.pdf" target="_blank" rel="noreferrer noopener">Flyer UB</a></p>



<p class="has-medium-font-size"><strong>Kontakt</strong></p>



<p><b>Bildungsinstitut PSCHERER gGmbH</b><br>Morgenbergstr. 19 (Aufgang D)<br>08525 Plauen<br><i class="wp-svg-phone phone"></i> 03741 5980561<br><i class="wp-svg-envelop envelop"></i> <a href="mailto:diaamub@pscherer-online.de">diaamub@pscherer-online.de</a></p>



<p><b>Ansprechspartner UB</b><br>Damaris Plietzsch<br><i class="wp-svg-phone phone"></i> 037606 39340<br><i class="wp-svg-envelop envelop"></i> <a href="mailto:dp@pscherer-online.de">dp@pscherer-online.de</a></p>



<p><b>Agentur für Arbeit Plauen</b><br>Ihr Reha-Team<br>Engelstraße 8<br>08523 Plauen<br><i class="wp-svg-phone phone"></i> 0800 4 5555 00 (Servicetelefon)<br><i class="wp-svg-envelop envelop"></i> <a href="mailto:Plauen.Ansprechstelle-Rehabilitation@pscherer-online.de">Plauen.Ansprechstelle-Rehabilitation@pscherer-online.de</a></p>
</div>
</div>



<a href="javascript:history.back();"><i class="wp-svg-backward-2 backward-2"></i> zurück zu den Angeboten</a>



<div style="font-size:12px" align="right">Bildrechte:<br>
Projektfoto: <a href="http://www.freepik.com">Foto erstellt von senivpetro &#8211; de.freepik.com</a>
</div>

<p>UB – Unterstütze Beschäftigung Maßnahme zur individuellen betrieblichen Qualifizierung nach § 55 SGB IX Zielgruppe In die UB – Unterstützte Beschäftigung werden Kundinnen und Kunden der Agentur für Arbeit Plauen individuell durch<a class="moretag" href="https://pscherer-online.de/wp/?page_id=3258">mehr anzeigen&#8230;</a></p>
